
-669
Let x(g) = 2994*g + 83770. Determine x(-28).
-62
Let p(x) = x**3 - 6*x**2 - 25116*x + 175775. Calculate p(7).
12
Let z(b) = 76*b - 15820. What is z(166)?
-3204
Let j(l) = l**3 - 45*l**2 + 9*l + 2. Calculate j(0).
2
Let t(n) = -n**3 - 11*n**2 + 14199*n + 142091. Determine t(-10).
1
Let u(k) = 1098*k + 195. Give u(-2).
-2001
Let z(l) = 691*l + 42854. Calculate z(-62).
12
Let m(w) = 2*w**2 + 3793*w - 37930. Give m(10).
200
Let d(y) = 2089*y - 910876. Determine d(436).
-72
Let l(t) = -3055*t**3 - 5*t**2 - 268*t + 273. What is l(1)?
-3055
Let v(r) = r**2 + 1465*r - 20306. Determine v(14).
400
Let f(s) = 4*s**3 - 602*s**2 - 304*s - 383. Calculate f(151).
-685
Let h(s) = 3*s**2 - 57*s + 925. Calculate h(0).
925
Let o(m) = 17*m**3 - 184*m**2 - 298*m + 2897. What is o(11)?
-18
Let k(l) = -2*l**2 + 923*l + 27395. Calculate k(-28).
-17
Let u(n) = -231*n**2 - 2640*n - 10531. Calculate u(-4).
-3667
Let z(s) = -s**2 + 107514*s + 322542. What is z(-3)?
-9
Let i(n) = n**2 + 8811*n + 96793. Give i(-11).
-7
Let r(a) = 5259*a + 173554. Determine r(-33).
7
Let t(p) = 83*p**3 + p**2 - 131*p - 254. Determine t(-2).
-652
Let f(l) = -3*l**2 - 100*l - 989. Give f(-34).
-1057
Let c(v) = 18*v**2 + 171*v - 474. Calculate c(4).
498
Let u(t) = -t**2 - 6038*t + 18143. Give u(3).
20
Let u(y) = 3049*y + 60817. What is u(-20)?
-163
Let c(l) = -2*l**3 + 770*l**2 - 3855*l + 271. What is c(5)?
-4
Let d(w) = -18*w**2 + 327*w + 1493. Give d(24).
-1027
Let c(i) = 11137*i - 233886. What is c(21)?
-9
Let x(f) = 1125*f - 1954. What is x(3)?
1421
Let j(k) = 953907*k - 953919. What is j(1)?
-12
Let q(t) = -7316*t + 65996. What is q(9)?
152
Let z(t) = 425*t + 38681. Determine z(-91).
6
Let g(m) = -m**3 + 3*m**2 + 652419*m - 4566746. What is g(7)?
-9
Let y(p) = -p**3 - 7*p**2 + 38*p - 60. What is y(-8)?
-300
Let p(b) = -477419*b - 954848. Determine p(-2).
-10
Let c(g) = g**3 - g**2 + 15*g - 231. Calculate c(6).
39
Let m(p) = 15*p**3 - 8*p**2 - 8*p + 23. What is m(2)?
95
Let f(z) = -9*z**2 + 14102*z - 84520. What is f(6)?
-232
Let k(a) = 46*a**2 - 1849*a + 108. Calculate k(40).
-252
Let q(d) = -3*d**3 - 1128*d**2 - 9915*d - 49. What is q(-9)?
5
Let z(x) = 529*x + 3147. Determine z(-7).
-556
Let x(o) = o**2 - 28*o + 205. Calculate x(13).
10
Let s(g) = -63*g**2 - 358*g - 6. Calculate s(-6).
-126
Let u(c) = -23*c**2 + 1982*c + 14038. Calculate u(-7).
-963
Let s(c) = 6*c**3 + 11*c**2 - 158*c + 148. Give s(1).
7
Let b(q) = 1130*q - 4512. Calculate b(4).
8
Let f(l) = 38*l**2 - 407*l - 792. What is f(-2)?
174
Let p(d) = 246*d + 130595. Determine p(-535).
-1015
Let n(m) = -984*m - 29592. Calculate n(-29).
-1056
Let j(p) = 36988*p - 36696. What is j(1)?
292
Let m(y) = -9*y**2 - 145*y + 90. What is m(-14)?
356
Let b(x) = x**3 + 2*x**2 + 519*x + 2684. Calculate b(-5).
14
Let o(k) = 2*k**2 - 8*k - 22463. Calculate o(-104).
1
Let q(l) = -l**3 - 3*l**2 + 10841*l + 21. Calculate q(0).
21
Let i(h) = 27637*h + 552740. Determine i(-20).
0
Let m(u) = -u**3 - 100*u**2 + 2*u + 689. Determine m(-100).
489
Let c(f) = -2*f**2 - 1978*f - 27300. What is c(-14)?
0
Let h(r) = 4*r**3 + 9*r**2 - 27*r - 138. Give h(-7).
-880
Let j(g) = -3349*g + 23478. What is j(7)?
35
Let n(k) = -3378*k + 412116. Determine n(122).
0
Let j(g) = g**3 - 49*g**2 - 529*g + 25067. Determine j(50).
1117
Let l(g) = -4*g**3 + 9452*g**2 + 56915*g - 139763. Determine l(2369).
8
Let h(s) = 9*s**2 - 1924*s + 2478. Give h(213).
987
Let n(b) = 10*b**2 - 535*b + 1738. Determine n(50).
-12
Let b(x) = -16777*x + 167771. What is b(10)?
1
Let p(r) = -37*r**2 - 727*r - 1290. Calculate p(-13).
1908
Let k(h) = 50238*h + 1004763. Calculate k(-20).
3
Let p(u) = 2346*u**2 - 4597*u + 2. Determine p(2).
192
Let w(o) = -369*o - 20096. Give w(-59).
1675
Let q(a) = 3*a**3 - 520*a**2 - 368*a + 3616. What is q(174)?
136
Let x(q) = -12*q + 719. Give x(52).
95
Let t(c) = 885*c + 148478. What is t(-164)?
3338
Let a(f) = -f**3 + 196*f**2 - 222*f + 5091. Determine a(195).
-174
Let h(x) = -1856176*x - 1856201. What is h(-1)?
-25
Let u(s) = -26*s**2 - 22*s - 409. Determine u(-6).
-1213
Let p(y) = -3657*y - 534193. Calculate p(-146).
-271
Let y(b) = -20*b**2 - 908*b + 8603. What is y(8)?
59
Let w(z) = 1981*z - 49650. Give w(25).
-125
Let n(p) = p**2 + 270*p - 6250. Calculate n(21).
-139
Let f(o) = -16*o**2 + 246*o - 3282. Calculate f(13).
-2788
Let w(j) = 322*j - 72745. Give w(226).
27
Let h(u) = 26*u**2 + 8511*u + 11414. Calculate h(-326).
4
Let j(t) = -t**3 - 165*t**2 - 1563*t - 147. Give j(-10).
-17
Let c(m) = 8*m**3 + m**2 - 27*m + 25. Calculate c(1).
7
Let l(u) = 3*u**2 + 97*u + 1021. Calculate l(-34).
1191
Let i(u) = 26*u**2 + 61*u - 775. Determine i(-7).
72
Let f(v) = -2385*v - 1354674. Give f(-568).
6
Let t(h) = -3*h**3 - 90*h + 373. Determine t(3).
22
Let a(q) = 6031*q + 657378. Calculate a(-109).
-1
Let o(a) = 3*a**2 + 79*a - 63572. Determine o(133).
2
Let u(n) = n**3 - 320*n**2 - 4*n + 1327. Give u(320).
47
Let d(c) = -484*c + 5574. Give d(14).
-1202
Let d(f) = f**3 - 14*f**2 - 618*f + 5990. Calculate d(9).
23
Let u(o) = o**3 + 19*o**2 + 32*o + 4546. Calculate u(-25).
-4
Let l(y) = -37854*y - 112482. What is l(-3)?
1080
Let o(m) = 61720*m - 308667. Calculate o(5).
-67
Let a(f) = -30608*f + 520335. Give a(17).
-1
Let f(y) = -2*y**3 - 6*y**2 + 1638*y + 9728. Give f(-6).
116
Let s(v) = -2051*v + 30444. Determine s(15).
-321
Let y(p) = -3*p**2 - 1847*p + 48884. What is y(-641)?
168
Let s(k) = 2*k**2 - 1436*k + 183258. Give s(552).
-6
Let r(x) = -332*x - 76804. Give r(-229).
-776
Let k(z) = -20904*z + 5016965. What is k(240)?
5
Let l(y) = 1293*y - 5521. What is l(4)?
-349
Let m(t) = 15062*t + 120490. Give m(-8).
-6
Let q(w) = -45507*w + 728106. Give q(16).
-6
Let i(r) = -2*r**3 - 46*r**2 - 47*r + 10. Give i(-22).
76
Let x(a) = 88831*a - 177657. Give x(2).
5
Let w(i) = -129667*i - 777996. Give w(-6).
6
Let s(y) = -2*y**2 - 191*y + 4011. Calculate s(20).
-609
Let z(s) = -s**2 - 59*s + 3371. What is z(-100)?
-729
Let a(y) = -y**3 + 8*y**2 + 70*y - 380. What is a(15)?
-905
Let p(l) = 22*l**3 + 5549*l**2 + 1260*l - 656. What is p(-252)?
-656
Let q(m) = -2731422*m - 21851387. What is q(-8)?
-11
Let l(p) = -20*p**2 - 700*p + 72. Give l(-35).
72
Let y(d) = 24543*d - 3436025. Determine y(140).
-5
Let s(i) = 4405*i + 92494. Determine s(-21).
-11
Let l(d) = 78*d**2 + 14673*d - 29667. What is l(2)?
-9
Let q(s) = 3*s**3 + 279*s**2 + 3334*s + 210. Determine q(-14).
-14
Let o(z) = 249*z + 110. Determine o(-5).
-1135
Let t(x) = -2*x**2 + 463*x - 25548. Give t(158).
-2322
Let d(u) = -206*u - 1476. Give d(-4).
-652
Let v(h) = 2*h**3 - 27*h**2 + 409*h - 1332. What is v(4)?
0
Let z(p) = -2*p**3 - 10*p**2 + 12*p + 37. Give z(-9).
577
Let w(u) = 55*u**2 + 55678*u + 55678. Determine w(-1).
55
Let q(s) = s**3 - 55*s**2 + 470*s - 10. Determine q(11).
-164
Let i(o) = -2*o**3 + 113*o**2 - 72*o + 1143. Determine i(56).
247
Let s(o) = o**2 - 3382*o - 3541412. Calculate s(-839).
7
Let v(w) = 257*w + 2800. Determine v(-13).
-541
Let h(q) = -q**3 - 63*q**2 + 45*q + 14467. Give h(14).
5
Let o(j) = 205*j**2 + 21736*j + 101. What is o(-106)?
-535
Let m(g) = 59*g**2 + 342*g - 386. Give m(1).
15
Let o(g) = 87558*g + 350221. Calculate o(-4).
-11
Let t(q) = 800*q - 9764. Determine t(12).
-164
Let m(p) = 4*p**3 - 129*p**2 + 35*p - 30. Give m(32).
66
Let k(l) = l**3 - 27*l**2 - 161*l + 913. Determine k(31).
-234
Let g(w) = -95*w**2 - 1085*w - 3191. Calculate g(-3).
-791
Let q(c) = c**3 - 43*c**2 - 31*c + 4877. Calculate q(41).
244
Let p(r) = 45*r**2 - 13351*r - 4159. Calculate p(297).
-1
Let i(u) = 26*u**2 + 491*u + 1210. What is i(-16)?
10
Let i(s) = 12743*s + 191106. Determine i(-15).
-39
Let c(q) = 110*q + 12284. Determine c(-143).
-3446
Let n(o) = 2*o**3 + 133*o**2 - 497*o - 106. Calculate n(-70).
384
Let m(u) = -u**3 + 47*u**2 + 2188*u + 1225. Calculate m(76).
9
Let b(v) = 1724*v - 26522. Give b(15).
-662
Let z(k) = -2*k**3 + 291*k**2 + 743*k + 311. Give z(-2).
5
Let l(t) = -t**3 - 116*t**2 - 760*t + 319. Give l(-109).
-8
Let w(b) = -4*b**2 + 930*b - 16386. Calculate w(219).
-4560
Let m(z) = z**3 + 26*z**2 - 991*z + 66. Determine m(-47).
254
Let y(c) = 733*c**2 - 27857*c + 117. Give y(38).
3
Let w(f) = -181*f + 2093. Calculate w(9).
464
Let z(x) = x**3 - 123*x**2 - 451*x - 7803. Determine z(127)